sands digit of 61751560?
5
What is the hundred millions digit of 422089963?
4
What is the ten millions digit of 243474993?
4
What is the hundred millions digit of 104559203?
1
What is the ten thousands digit of 161700650?
0
What is the hundred thousands digit of 353542727?
5
What is the tens digit of 387831558?
5
What is the units digit of 181411224?
4
What is the millions digit of 985709753?
5
What is the tens digit of 231192351?
5
What is the ten thousands digit of 175835563?
3
What is the billions digit of 1441810856?
1
What is the tens digit of 191586578?
7
What is the units digit of 61853722?
2
What is the ten thousands digit of 1747649653?
4
What is the hundred millions digit of 293526536?
2
What is the ten thousands digit of 502059318?
5
What is the millions digit of 3083719396?
3
What is the units digit of 73329837?
7
What is the tens digit of 13000662?
6
What is the hundred millions digit of 688275228?
6
What is the millions digit of 84163878?
4
What is the hundred thousands digit of 39391702?
3
What is the hundred millions digit of 697780927?
6
What is the hundred millions digit of 346483976?
3
What is the ten thousands digit of 938304060?
0
What is the billions digit of 2137717134?
2
What is the millions digit of 5571048216?
1
What is the thousands digit of 2494841842?
1
What is the thousands digit of 432482992?
2
What is the hundred thousands digit of 10166272?
1
What is the ten millions digit of 1576821468?
7
What is the tens digit of 364149238?
3
What is the ten millions digit of 4895458112?
9
What is the hundred thousands digit of 2123835632?
8
What is the tens digit of 1335910?
1
What is the units digit of 134038215?
5
What is the ten thousands digit of 41686233?
8
What is the ten millions digit of 2980468438?
8
What is the hundreds digit of 28201556?
5
What is the hundred thousands digit of 1007707850?
7
What is the ten thousands digit of 65618375?
1
What is the hundreds digit of 1230038800?
8
What is the ten thousands digit of 2666515801?
1
What is the units digit of 85479690?
0
What is the ten millions digit of 666644318?
6
What is the thousands digit of 74114127?
4
What is the ten millions digit of 1128495507?
2
What is the millions digit of 178930624?
8
What is the tens digit of 66906307?
0
What is the hundred thousands digit of 218107?
2
What is the hundreds digit of 149183606?
6
What is the billions digit of 1045608587?
1
What is the ten thousands digit of 5772115567?
1
What is the units digit of 1081547754?
4
What is the ten thousands digit of 99686376?
8
What is the millions digit of 806225007?
6
What is the billions digit of 1841988072?
1
What is the millions digit of 989820828?
9
What is the billions digit of 8762178012?
8
What is the units digit of 1602136088?
8
What is the tens digit of 23676471?
7
What is the tens digit of 531395213?
1
What is the ten thousands digit of 533597697?
9
What is the hundreds digit of 42303791?
7
What is the tens digit of 46076862?
6
What is the tens digit of 10679405?
0
What is the hundreds digit of 54346706?
7
What is the millions digit of 2079496?
2
What is the tens digit of 49348508?
0
What is the ten millions digit of 51811085?
5
What is the units digit of 514736060?
0
What is the thousands digit of 16433718?
3
What is the hundred thousands digit of 96222730?
2
What is the hundreds digit of 5714090900?
9
What is the hundred thousands digit of 1668900378?
9
What is the ten millions digit of 17336215?
1
What is the ten thousands digit of 266234585?
3
What is the ten thousands digit of 72200352?
0
What is the millions digit of 697179125?
7
What is the units digit of 22982606?
6
What is the millions digit of 417772189?
7
What is the thousands digit of 315889306?
9
What is the millions digit of 339538468?
9
What is the ten thousands digit of 105805993?
0
What is the ten thousands digit of 90590444?
9
What is the thousands digit of 397640560?
0
What is the hundreds digit of 94112349?
3
What is the ten millions digit of 1175760683?
7
What is the units digit of 547101408?
8
What is the units digit of 142698658?
8
What is the millions digit of 433040975?
3
What is the hundred thousands digit of 425675618?
6
What is the hundred thousands digit of 865292?
8
What is the units digit of 79796306?
6
What is the hundred thousands digit of 16960322?
9
What is the thousands digit of 928356?
8
What is the hundred thousands digit of 2849046939?
0
What is the millions digit of 365180751?
5
What is the ten thousands digit of 6935576515?
7
What is the thousands digit of 367956123?
6
What is the thousands digit of 357665051?
5
What is the millions digit of 137339547?
7
What is the ten millions digit of 59508396?
5
What is the millions digit of 9016276?
9
What is the thousands digit of 13800115?
0
What is the ten millions digit of 150588504?
5
What is the hundreds digit of 1402182851?
8
What is the units digit of 1394402?
2
What is the thousands digit of 3603973444?
3
What is the ten thousands digit of 526153269?
5
What is the hundred millions digit of 234542415?
2
What is the units digit of 40713790?
0
What is the tens digit of 796967973?
7
What is the thousands digit of 6367476?
7
What is the millions digit of 6166977100?
6
What is the millions digit of 623488675?
3
What is the millions digit of 74501049?
4
What is the hundreds digit of 7186880622?
6
What is the thousands digit of 43149239?
9
What is the ten millions digit of 180778247?
8
What is the millions digit of 20593331?
0
What is the thousands digit of 91042542?
2
What is the units digit of 177214419?
9
What is the hundreds digit of 434015504?
5
What is the units digit of 2478633822?
2
What is the ten millions digit of 807968507?
0
What is the hundreds digit of 480480079?
0
What is the hundreds digit of 2680309663?
6
What is the thousands digit of 11340289?
0
What is the ten millions digit of 18401866?
1
What is the tens digit of 214022934?
3
What is the thousands digit of 316705232?
5
What is the ten thousands digit of 730752203?
5
What is the hundreds digit of 5658635928?
9
What is the hundred thousands digit of 9659594?
6
What is the hundreds digit of 123750573?
5
What is the ten thousands digit of 77343301?
4
What is the hundred thousands digit of 207730518?
7
What is the hundreds digit of 3835471?
4
What is the tens digit of 364687011?
1
What is the hundreds digit of 998516417?
4
What is the hundreds digit of 306951830?
8
What is the hundred thousands digit of 471331674?
3
What is the millions digit of 849458966?
9
What is the hundred thousands digit of 2084491370?
4
What is the hundred millions digit of 1591902285?
5
What is the tens digit of 61103188?
8
What is the units digit of 5483558?
8
What is the thousands digit of 3539530404?
0
What is the hundred thousands digit of 69747075?
7
What is the ten thousands digit of 2635490562?
9
What is the thousands digit of 27082694?
2
What is the hundreds digit of 123704594?
5
What is the tens digit of 319908276?
7
What is the thousands digit of 99831521?
1
What is the millions digit of 9426040?
9
What is the ten thousands digit of 99499267?
9
What is the hundred thousands digit of 46205566?
2
What is the millions digit of 254993905?
4
What is the thousands digit of 3486918878?
8
What is the millions digit of 226460427?
6
What is the hundreds digit of 87195210?
2
What is the ten millions digit of 247486333?
4
What is the tens digit of 52525725?
2
What is the units digit of 60041112?
2
What is the hundreds digit of 787520837?
8
What is the millions digit of 17307183?
7
What is the hundred thousands digit of 136089861?
0
What is the thousands digit of 6444424882?
4
What is the hundred millions digit of 2048837000?
0
What is the hundreds digit of 197347194?
1
What is the tens digit of 574819367?
6
What is the tens digit of 362661302?
0
What is the hundreds digit of 2194977565?
5
What is the millions digit of 43539656?
3
What is the tens digit of 3816187?
8
What is the hundred thousands digit of 131072120?
0
What is the units digit of 756929440?
0
What is the units digit of 67223986?
6
What is the thousands digit of 577086982?
6
What is the ten millions digit of 266497834?
6
What is the units digit of 12384638?
8
What is the hundred millions digit of 2189612369?
1
What is the tens digit of 26364014